he remainder when 19302760 is divided by 1831.
358
Calculate the remainder when 428854 is divided by 30627.
76
What is the remainder when 937781 is divided by 468878?
25
Calculate the remainder when 5803977 is divided by 23.
19
Calculate the remainder when 368767 is divided by 625.
17
What is the remainder when 5965649 is divided by 8773?
9
What is the remainder when 24762 is divided by 1355?
372
Calculate the remainder when 1410223 is divided by 705107.
9
Calculate the remainder when 92870 is divided by 5569.
3766
What is the remainder when 105236118 is divided by 340?
338
Calculate the remainder when 344023 is divided by 191.
32
What is the remainder when 25734053 is divided by 1268?
1261
Calculate the remainder when 423039 is divided by 32466.
981
What is the remainder when 179826 is divided by 29958?
78
Calculate the remainder when 2231988 is divided by 5.
3
Calculate the remainder when 193161 is divided by 673.
10
What is the remainder when 4651165 is divided by 32?
29
What is the remainder when 122642 is divided by 2711?
647
Calculate the remainder when 2114863 is divided by 1240.
663
Calculate the remainder when 224262 is divided by 359.
246
Calculate the remainder when 46192 is divided by 22736.
720
What is the remainder when 7440351 is divided by 424?
423
Calculate the remainder when 651056 is divided by 108498.
68
What is the remainder when 20260480 is divided by 42?
16
Calculate the remainder when 1860624 is divided by 36.
0
What is the remainder when 26135913 is divided by 37?
1
What is the remainder when 667488 is divided by 111248?
0
Calculate the remainder when 787703 is divided by 86686.
7529
Calculate the remainder when 28279 is divided by 5622.
169
Calculate the remainder when 39239 is divided by 663.
122
Calculate the remainder when 329927 is divided by 6177.
2546
What is the remainder when 46542 is divided by 781?
463
What is the remainder when 36080257 is divided by 12026714?
115
What is the remainder when 58231768 is divided by 2361?
64
What is the remainder when 471655 is divided by 3350?
2655
Calculate the remainder when 3960960 is divided by 881.
865
Calculate the remainder when 82285 is divided by 980.
945
Calculate the remainder when 4835068 is divided by 3360.
28
What is the remainder when 265772 is divided by 61?
56
Calculate the remainder when 5790608 is divided by 115.
13
Calculate the remainder when 24629195 is divided by 677.
612
What is the remainder when 5861584 is divided by 2572?
2568
Calculate the remainder when 69835453 is divided by 3491772.
13
Calculate the remainder when 817583 is divided by 3337.
18
What is the remainder when 82418 is divided by 13692?
266
What is the remainder when 271873433 is divided by 480?
473
Calculate the remainder when 73555767 is divided by 85.
82
What is the remainder when 1998773 is divided by 72?
53
What is the remainder when 24995787 is divided by 152?
147
What is the remainder when 169520609 is divided by 105?
104
What is the remainder when 1807562 is divided by 50?
12
Calculate the remainder when 642625 is divided by 86.
33
Calculate the remainder when 20278583 is divided by 5069606.
159
What is the remainder when 215654 is divided by 263?
257
What is the remainder when 97699889 is divided by 5204?
5197
Calculate the remainder when 99772 is divided by 1090.
582
Calculate the remainder when 659612130 is divided by 219870708.
6
What is the remainder when 4095309 is divided by 17353?
1
Calculate the remainder when 435240 is divided by 217578.
84
Calculate the remainder when 621766 is divided by 52.
2
Calculate the remainder when 108021 is divided by 15419.
88
Calculate the remainder when 119757 is divided by 119544.
213
Calculate the remainder when 1673219 is divided by 5.
4
What is the remainder when 6248048 is divided by 1249608?
8
What is the remainder when 20932310 is divided by 2?
0
Calculate the remainder when 301501 is divided by 5787.
577
Calculate the remainder when 1467425 is divided by 3687.
3686
Calculate the remainder when 344167922 is divided by 25.
22
Calculate the remainder when 291752 is divided by 9405.
197
What is the remainder when 102543751 is divided by 89?
87
Calculate the remainder when 126629 is divided by 14.
13
Calculate the remainder when 2270001705 is divided by 133.
132
Calculate the remainder when 26686178 is divided by 8895391.
5
What is the remainder when 804497 is divided by 7518?
71
What is the remainder when 174316433 is divided by 307?
298
Calculate the remainder when 33781767 is divided by 1748.
1667
Calculate the remainder when 550149 is divided by 19645.
89
Calculate the remainder when 18489524 is divided by 1087612.
120
Calculate the remainder when 316872 is divided by 10562.
12
Calculate the remainder when 348951 is divided by 31712.
119
Calculate the remainder when 290516 is divided by 1126.
8
What is the remainder when 23304 is divided by 305?
124
What is the remainder when 619910643 is divided by 722?
721
What is the remainder when 532 is divided by 358?
174
What is the remainder when 185278 is divided by 116?
26
Calculate the remainder when 14153998 is divided by 1500.
1498
Calculate the remainder when 3820424 is divided by 3820402.
22
What is the remainder when 24777425 is divided by 653?
646
What is the remainder when 5341413 is divided by 100?
13
What is the remainder when 12195167 is divided by 8313?
8309
Calculate the remainder when 122934083 is divided by 267248.
3
Calculate the remainder when 19719678 is divided by 38.
34
Calculate the remainder when 13790602 is divided by 102.
100
What is the remainder when 201273183 is divided by 694?
691
Calculate the remainder when 549865 is divided by 60906.
1711
Calculate the remainder when 15238 is divided by 1598.
856
What is the remainder when 11605 is divided by 2499?
1609
Calculate the remainder when 17211789 is divided by 17211782.
7
What is the remainder when 1048078 is divided by 264?
262
What is the remainder when 25297 is divided by 10?
7
Calculate the remainder when 13859934 is divided by 1539990.
24
What is the remainder when 36436 is divided by 138?
4
Calculate the remainder when 56908181 is divided by 6509.
6503
What is the remainder when 1336053 is divided by 78516?
1281
What is the remainder when 4848 is divided by 22?
8
What is the remainder when 7632 is divided by 285?
222
What is the remainder when 72157456 is divided by 41952?
16
What is the remainder when 113489 is divided by 4166?
1007
What is the remainder when 572396613 is divided by 264?
261
What is the remainder when 34242159 is divided by 83?
11
Calculate the remainder when 54273 is divided by 13013.
2221
Calculate the remainder when 203529 is divided by 3275.
479
Calculate the remainder when 12417787 is divided by 286.
239
Calculate the remainder when 584387 is divided by 2837.
2802
What is the remainder when 58809 is divided by 1547?
23
Calculate the remainder when 207832113 is divided by 11478.
11445
What is the remainder when 6805758 is divided by 3?
0
What is the remainder when 19260 is divided by 149?
39
Calculate the remainder when 2533369 is divided by 360.
49
What is the remainder when 48842816 is divided by 492?
8
What is the remainder when 84141991 is divided by 39?
37
What is the remainder when 25431690 is divided by 377?
24
Calculate the remainder when 18693194 is divided by 747727.
19
Calculate the remainder when 22167710 is divided by 224.
222
What is the remainder when 89689 is divided by 7436?
457
What is the remainder when 5357218 is divided by 3989?
3980
What is the remainder when 4524719 is divided by 104?
95
Calculate the remainder when 37781 is divided by 224.
149
Calculate the remainder when 30744 is divided by 2796.
2784
What is the remainder when 225784896 is divided by 47?
45
Calculate the remainder when 1767881 is divided by 441967.
13
Calculate the remainder when 853156 is divided by 35544.
100
Calculate the remainder when 582783 is divided by 13245.
3
What is the remainder when 134071 is divided by 673?
144
Calculate the remainder when 3768054 is divided by 64.
54
Calculate the remainder when 981895 is divided by 660.
475
Calculate the remainder when 517188233 is divided by 27.
20
Calculate the remainder when 32647 is divided by 8087.
299
What is the remainder when 8230 i